by (1 - 2)/(3/(-63))?
18
Suppose q = -2*q - 273. Let o(g) = g**3 + 3*g**2 - 24*g - 17. Let l be o(-7). Let x = l - q. What is the remainder when x is divided by 16?
14
Suppose 0 = -5*w + 2*w + 12. Suppose 2*b - 3*z - 106 = 40, -z = -w. What is the remainder when b is divided by (5 + -2)/((-63)/(-336))?
15
Let f be 32/304 - (-12591)/57. Suppose -5*t - 61 = -f. What is the remainder when 135 is divided by t?
7
Suppose -190*g + 534330 + 487881 = -31*g. What is the remainder when g is divided by 8?
5
Let i(f) = 47 + 32 + 0*f**3 + 24*f**2 + 3*f + f**3. What is the remainder when 95 is divided by i(-24)?
4
Let i(l) = 92*l**2 + 38*l - 278. Calculate the remainder when i(-11) is divided by 17.
15
Let i = 11137 - 5882. What is the remainder when i is divided by 12?
11
Let t(d) = d**3 + 5*d**2 - 9*d - 13. Suppose -40 - 12 = -2*h. What is the remainder when h is divided by t(-6)?
1
Let m = 1117 - 756. Suppose 0 = -13*j + 10*j + 99. Calculate the remainder when m is divided by j.
31
Let a be 3/12*1856/8. Suppose 5*s + 3*d - 60 = 2*s, -a = -3*s - d. What is the remainder when s is divided by 10?
9
Let g be (-12)/10*(-325)/26. Suppose -3*a + g = 0, -8*a + 137 = 3*f - 4*a. What is the remainder when 154 is divided by f?
37
Let l = -517 + 566. Suppose -2*b + l = 5*r, -b = 4*r - 7 - 13. What is the remainder when 221 is divided by b?
29
Suppose 0*j + 10 = -2*j, 4*t = j + 105. Let f = -764745 + 764779. Calculate the remainder when f is divided by t.
9
Let s(l) = 4*l**2 + 14*l + 9. Let r(m) = -3*m**2 + m. Let q(f) = r(f) + s(f). Calculate the remainder when q(8) is divided by 7.
4
Suppose 587 = 3*h - 0*h - 5*f, -f + 581 = 3*h. Let v = h - 66. What is the remainder when ((-72)/32)/((-6)/v) is divided by 13?
9
Calculate the remainder when 32/64 - (-2418)/12 is divided by 93.
16
What is the remainder when 28/(-8)*(4645/(-35) + 9) is divided by 29?
27
Let r = 28 + -29. Let y(k) = 4 + 0*k + 6*k - 11*k - 3. Calculate the remainder when 24 is divided by y(r).
0
Let b = 38654 + -38515. Let a = -1 - -4. Suppose 59 = a*v - 1. Calculate the remainder when b is divided by v.
19
Let k = 125 - -14. Calculate the remainder when k is divided by (798/112)/(-19) + (-1142)/(-16).
68
Let a = -8 - -134. Suppose 0 = -2*y + 46 + a. Calculate the remainder when 340 is divided by y.
82
Let y = -1261 - -1876. What is the remainder when y is divided by (-140)/8*(-16)/5?
55
Suppose 0 = 39*c - 480 - 1314. Calculate the remainder when c is divided by 6.
4
Suppose 14 = 3*t + 38. Let v(b) = -b**3 - 3*b**2 + 26*b + 6. What is the remainder when v(t) is divided by 30?
28
Suppose -2*w - 4*d + 24 = 0, w + d - 6*d = -23. Suppose -409 = w*k + 17. What is the remainder when k/(-12) + 18/(-24) is divided by 12?
5
Suppose 52*h = 50*h + 3*f + 779, 0 = 5*f - 35. What is the remainder when h is divided by 67?
65
Suppose 0 = -22*d + 78 - 34. Suppose -764 = -d*i + 4*u, 0 = i + 13*u - 18*u - 391. What is the remainder when i is divided by 42?
40
Let a(z) = -5*z**3 + z**2 + 10*z + 13. Calculate the remainder when 107 is divided by a(-2).
33
Suppose -13*k + 109263 = 22371. Calculate the remainder when k is divided by 88.
84
What is the remainder when 106 is divided by (-65 + 5)/(-6) + 27?
32
Let n be ((-28)/(-5))/((-2)/(-10)). Let o = n + -7. What is the remainder when o is divided by 745/596 - (186/8)/(-3)?
3
Suppose -2*x - 7 = -13. Let i(p) = p + 2. Let t be i(0). Suppose -x*r - d = -0*d - 136, 4*r = t*d + 178. What is the remainder when r is divided by 17?
11
Suppose 45*t = -548 + 2348. Calculate the remainder when 1957 is divided by t.
37
Let u = -1883 - -1907. What is the remainder when u is divided by (3/6)/(2/52)?
11
Let g(l) = -52*l + 9. Let c be g(-4). Suppose 112*z = 111*z + c. What is the remainder when z is divided by 73?
71
Suppose 159*p - 704740 = -42*p + 34*p. What is the remainder when p is divided by 66?
62
Suppose 79*j - 165567 = -162*j. Calculate the remainder when j is divided by 46.
43
Suppose -7*q + 65 = -2*q. Suppose q - 43 = 2*a. Let j(l) = -l**3 - 16*l**2 - 18*l + 9. What is the remainder when j(a) is divided by 19?
16
Let f(r) = 3*r**2 + 74*r - 331. What is the remainder when 230 is divided by f(4)?
9
Suppose 0 = -3*c - 13*c + 800. Let u = -54 + 24. Let l = c + u. Calculate the remainder when l is divided by 11.
9
Let o(d) = -32*d + 1234. What is the remainder when 1653 is divided by o(38)?
15
Suppose -116 = -4*n - 28. Calculate the remainder when 75 is divided by (n/(-3))/(38/(-57)).
9
Let w be (-423)/(5 + -2)*-5. Suppose 0 = 7*s - 639 - w. What is the remainder when s is divided by 63?
3
Let g(w) = -2*w + 61. Let d be g(8). Suppose -3*i - 3*b + 18 + 12 = 0, -4*i + d = -b. What is the remainder when 40 is divided by i?
7
Suppose t - 1 = 44. Calculate the remainder when (148/1)/(2658/3987) is divided by t.
42
Suppose -4*r = 3*o - 3*r - 1444, -25 = 5*r. Suppose -37*n + 34*n + o = 0. What is the remainder when n is divided by 55?
51
Let h be (-6)/(8 - 14)*6. Suppose 24 = 2*m + 5*r - 14, 0 = 3*r + h. Calculate the remainder when 57 is divided by m.
9
Let c = 7079 + -6214. What is the remainder when c is divided by 166?
35
Suppose 129 = 5*s + 3*t, s + 3 - 22 = -4*t. Calculate the remainder when 59 is divided by s.
5
Let b(d) = 243*d + 106. What is the remainder when b(9) is divided by 56?
53
Let x be (-6 + 19 + -5)*9/4. Suppose 21*n - x*n - 24 = 3*z, 4*z = -4*n + 16. Let d(v) = 11*v**2 - 2*v - 1. What is the remainder when d(2) is divided by n?
3
Suppose 4*d + 5*w - 6 = -3, 5*w - 12 = -d. Let p = 5 + -3. What is the remainder when (16/d)/(-8)*9/2 is divided by p?
1
Let p(z) = -12*z + 6. Let g be p(-2). Suppose -2*s = -g + 12. Calculate the remainder when 30 is divided by s.
3
Suppose -g + 22 = 4*f + g, 9*f - 5*g = 78. What is the remainder when 31 is divided by f?
3
Suppose 3*p + 4861 = 4*f, 17*f - 21*f + 4871 = -p. What is the remainder when f is divided by 605?
9
Suppose 10 = -10*d + 9*d. Let y(q) = -q**3 + 14*q**2 - q + 2. Let i be y(14). Calculate the remainder when i/d*(-75)/(-2) is divided by 23.
22
Suppose -23*j + 191*j + 36*j = 6732. Calculate the remainder when 2431 is divided by j.
22
Let r = -504 + 509. Suppose q - 5*q + r*c + 49 = 0, -3*q + 35 = -2*c. Calculate the remainder when 37 + -2*1 - -1 is divided by q.
3
Suppose -17*j = -3784 - 4886. What is the remainder when j is divided by 32?
30
Suppose 2*z = -3*p + 536, 390*p - 1335 = -5*z + 385*p. What is the remainder when z is divided by 256?
9
Let x = 171 - -423. Calculate the remainder when 1 + 6 + -6 + x is divided by 26.
23
Suppose t - 3*z + 3 = -t, -5 = 3*t - 5*z. Suppose -5*n = -4*j - 15, -3*j + 2*j = t. Suppose 59*x - 519 - 307 = 0. What is the remainder when x is divided by n?
2
Let d be (50/25)/((-2)/4) - -19. Suppose 5*o - 2*g = 88, -4*o + 68 = d*g - 19*g. Calculate the remainder when 196 is divided by o.
16
Let r(l) = 311*l**3 - l**2 + 32*l - 32. Calculate the remainder when r(1) is divided by 22.
2
Suppose 425*s + 525*s - 4980 = 867*s. Calculate the remainder when 4317 is divided by s.
57
Let j(y) = 30*y**2 + 2*y - 2. Let k be 3/2 + ((-162)/(-12))/(-3). What is the remainder when j(k) is divided by 11?
9
Suppose o - 6*n = 64, 17*o - 14*o - n - 175 = 0. Calculate the remainder when (-7630)/(-22) + 6/33 is divided by o.
57
Let w = 641 + -622. Suppose 4*q + 5*y = 2*y + w, 2*q - 5*y - 3 = 0. What is the remainder when 151 is divided by q?
3
Let h = 1539 + -1549. Let w(a) = 25*a + 268. What is the remainder when w(h) is divided by (66/(-3))/(4/(-2))?
7
Suppose -5993 = -b - 2*q, 24053 = 4*b + 16*q - 17*q. Calculate the remainder when b is divided by 37.
17
Suppose -67*h + 21780 = -57548. What is the remainder when h is divided by 66?
62
Suppose -t - 4*u + 246 = 0, -2*u = -110*t + 113*t - 768. Calculate the remainder when t is divided by 17.
3
Let z = 8128 - 8102. Calculate the remainder when 173 is divided by z.
17
Let x(s) = 13*s**2 + 285*s - 12. What is the remainder when x(11) is divided by 162?
160
Suppose -y - 4 = 0, -x = 2*y + y + 6. Let t(v) = 4*v + 160. What is the remainder when t(-36) is divided by x?
4
Let a = 408 + 149. Let p = 811 - a. What is the remainder when p is divided by 8?
6
Suppose 2*k + 5*n = -34 - 26, 5*k - 5*n + 220 = 0. What is the remainder when 674 is divided by 1/((-385)/291 + k/(-30))?
